{"id":13540,"date":"2025-03-13T11:32:41","date_gmt":"2025-03-13T11:32:41","guid":{"rendered":"https:\/\/www.fastfilmproduzioni.it\/app\/?page_id=13540"},"modified":"2025-03-13T11:47:53","modified_gmt":"2025-03-13T11:47:53","slug":"balene","status":"publish","type":"page","link":"https:\/\/www.fastfilmproduzioni.it\/app\/balene\/","title":{"rendered":"BALENE &#8211; dettagli"},"content":{"rendered":"\t\t<div data-elementor-type=\"wp-page\" data-elementor-id=\"13540\" class=\"elementor elementor-13540\" data-elementor-post-type=\"page\">\n\t\t\t\t<div class=\"elementor-element elementor-element-9eb666f e-flex e-con-boxed e-con e-parent\" data-id=\"9eb666f\" data-element_type=\"container\" data-e-type=\"container\">\n\t\t\t\t\t<div class=\"e-con-inner\">\n\t\t\t\t<div class=\"elementor-element elementor-element-b54646f elementor-widget elementor-widget-heading\" data-id=\"b54646f\" data-element_type=\"widget\" data-e-type=\"widget\" data-widget_type=\"heading.default\">\n\t\t\t\t<div class=\"elementor-widget-container\">\n\t\t\t\t\t<h2 class=\"elementor-heading-title elementor-size-default\">Le riprese della serie si sono concluse in Febbraio 2025. <br>La messa in onda su Rai1 \u00e8 prevista in autunno.<\/h2>\t\t\t\t<\/div>\n\t\t\t\t<\/div>\n\t\t\t\t\t<\/div>\n\t\t\t\t<\/div>\n\t\t<div class=\"elementor-element elementor-element-2cf906b e-flex e-con-boxed e-con e-parent\" data-id=\"2cf906b\" data-element_type=\"container\" data-e-type=\"container\">\n\t\t\t\t\t<div class=\"e-con-inner\">\n\t\t\t\t<div class=\"elementor-element elementor-element-7d70adc elementor-widget elementor-widget-image\" data-id=\"7d70adc\" data-element_type=\"widget\" data-e-type=\"widget\" data-widget_type=\"image.default\">\n\t\t\t\t<div class=\"elementor-widget-container\">\n\t\t\t\t\t\t\t\t\t\t\t\t\t\t\t<img fetchpriority=\"high\" decoding=\"async\" width=\"1024\" height=\"683\" src=\"https:\/\/www.fastfilmproduzioni.it\/app\/wp-content\/uploads\/2025\/03\/Pivetti-Signoris-Casale_LCS_6960-1024x683.jpg\" class=\"attachment-large size-large wp-image-13534\" alt=\"\" srcset=\"https:\/\/www.fastfilmproduzioni.it\/app\/wp-content\/uploads\/2025\/03\/Pivetti-Signoris-Casale_LCS_6960-1024x683.jpg 1024w, https:\/\/www.fastfilmproduzioni.it\/app\/wp-content\/uploads\/2025\/03\/Pivetti-Signoris-Casale_LCS_6960-300x200.jpg 300w, https:\/\/www.fastfilmproduzioni.it\/app\/wp-content\/uploads\/2025\/03\/Pivetti-Signoris-Casale_LCS_6960-768x512.jpg 768w, https:\/\/www.fastfilmproduzioni.it\/app\/wp-content\/uploads\/2025\/03\/Pivetti-Signoris-Casale_LCS_6960-1536x1024.jpg 1536w, https:\/\/www.fastfilmproduzioni.it\/app\/wp-content\/uploads\/2025\/03\/Pivetti-Signoris-Casale_LCS_6960-2048x1365.jpg 2048w\" sizes=\"(max-width: 1024px) 100vw, 1024px\" \/>\t\t\t\t\t\t\t\t\t\t\t\t\t\t\t<\/div>\n\t\t\t\t<\/div>\n\t\t\t\t\t<\/div>\n\t\t\t\t<\/div>\n\t\t<div class=\"elementor-element elementor-element-0602283 e-flex e-con-boxed e-con e-parent\" data-id=\"0602283\" data-element_type=\"container\" data-e-type=\"container\">\n\t\t\t\t\t<div class=\"e-con-inner\">\n\t\t\t\t<div class=\"elementor-element elementor-element-45b9549 elementor-widget elementor-widget-text-editor\" data-id=\"45b9549\" data-element_type=\"widget\" data-e-type=\"widget\" data-widget_type=\"text-editor.default\">\n\t\t\t\t<div class=\"elementor-widget-container\">\n\t\t\t\t\t\t\t\t\t<p class=\"p1\">In foto: Veronica Pivetti e Carla Signoris con il regista Alessandro Casale<\/p>\t\t\t\t\t\t\t\t<\/div>\n\t\t\t\t<\/div>\n\t\t\t\t\t<\/div>\n\t\t\t\t<\/div>\n\t\t<div class=\"elementor-element elementor-element-9afbde0 e-flex e-con-boxed e-con e-parent\" data-id=\"9afbde0\" data-element_type=\"container\" data-e-type=\"container\">\n\t\t\t\t\t<div class=\"e-con-inner\">\n\t\t\t\t<div class=\"elementor-element elementor-element-8ef1e14 elementor-widget elementor-widget-text-editor\" data-id=\"8ef1e14\" data-element_type=\"widget\" data-e-type=\"widget\" data-widget_type=\"text-editor.default\">\n\t\t\t\t<div class=\"elementor-widget-container\">\n\t\t\t\t\t\t\t\t\t<p class=\"p1\">Milla ed Evelina hanno sessant\u2019anni anni e non si frequentano pi\u00f9. Intorno ai venti erano migliori amiche, ma le scelte che hanno fatto le hanno allontanate e ora conducono vite antitetiche. Tanto \u00e8 borghese, conformista e apparentemente perfetta quella di Milla quanto \u00e8 fricchettona, creativa e scombinata quella di Evelina. La morte di Adriana, per\u00f2, improvvisamente le riavvicina.\u00a0<\/p><p class=\"p1\">Terzo membro di un trio indissolubile ai tempi dell\u2019universit\u00e0, Adriana ha dedicato la vita a salvare le balene e all\u2019inizio della serie muore proprio in mare in un \u201cbanale\u201d incidente.\u00a0<span style=\"background-color: transparent; color: var( --e-global-color-text ); letter-spacing: 0px;\">Aveva appena provato a chiamare sia Milla che Evelina, ma nessuna delle due le aveva risposto. Le due amiche sono turbate, si sentono in colpa. E quando leggono sui social commenti e ricostruzioni che avanzano dubbi sulla plausibilit\u00e0 dell\u2019incidente, si convincono che forse, in effetti, un incidente non lo \u00e8 stato. E se Adriana fosse stata uccisa? \u00c8 una convinzione senza reali appigli, ma \u00e8 sufficiente perch\u00e8 Milla ed Evelina inizino ad indagare nella vita di Adriana, scoprendone segreti e verit\u00e0 nascoste. E mentre passano al setaccio la vita dell\u2019amica, devono guardare con occhio critico le proprie e affrontarne i grandi sconvolgimenti che si prospettano all\u2019orizzonte.\u00a0<\/span><\/p><p class=\"p1\"><span style=\"background-color: transparent; color: var( --e-global-color-text ); letter-spacing: 0px;\">Milla scopre che suo marito Walter, al quale ha dedicato trent\u2019anni di vita e per il quale ha sacrificato le sue ambizioni professionali, la tradisce. Cos\u00ec, prima lo lascia e lo caccia di casa e poi, appena si riprende dal lutto, si presenta nell\u2019azienda di famiglia per reclamare il ruolo che fino a quel momento \u00e8 stato suo solo sulla carta, quello di Presidente. Evelina invece incontra, o meglio si scontra, con Riccardo Villa, un economista scelto dal Ministero per risanare e modernizzare la gestione un po\u2019 traballante dell\u2019Accademia di Belle Arti nella quale Evelina insegna. Riccardo le pare uno che ignora cosa sia l\u2019arte ma in compenso sa tutto di soldi, social e altre faccende delle quali a lei non interessa un fico secco. In altre parole, le sta subito antipatico. Ma, come si dice, chi disprezza compra ed inevitabilmente la loro relazione andr\u00e0 oltre gli aspetti professionali.<\/span><\/p><p class=\"p1\"><span style=\"background-color: transparent; color: var( --e-global-color-text ); letter-spacing: 0px;\">Insomma, a sessant\u2019anni le due amiche si ritrovano ad affrontare sfide ed emozioni inaspettate che le mettono dinanzi alla pi\u00f9 sottovalutata delle verit\u00e0: ci si pu\u00f2 sorprendere ancora di se stessi, e conoscersi meglio, anche e soprattutto dopo una certa et\u00e0. Grazie alla loro forza d\u2019animo, e all\u2019amicizia ritrovata, Evelina e Milla supereranno i momenti pi\u00f9 difficili, troveranno un nuovo equilibrio per se stesse e le loro famiglie e arriveranno anche a scoprire la verit\u00e0 sulla morte di Adriana, ricavandone un grande insegnamento: che la vita \u00e8 bella, sempre, a vent\u2019anni, come a sessanta e\u2026 non bisogna sprecarla!\u00a0<\/span><\/p><p class=\"p1\"><span style=\"background-color: transparent; color: var( --e-global-color-text ); letter-spacing: 0px;\">Mentre Milla ed Evelina si riavvicinano, la stessa cosa succede ai loro figli, Flaminia e Emanuele. Si erano frequentati da ragazzi e ora si rivedono al funerale di Adriana. Per Emanuele, che \u00e8 separato, si occupa soprattutto di sua figlia Zina e ha messo in naftalina le esigenze sentimentali e sessuali, scatta di nuovo quell\u2019attrazione che l\u2019aveva portato a invaghirsi di lei tanti anni prima. Flaminia per\u00f2, nel frattempo, \u00e8 diventata una workaholic incapace di avere relazioni stabili, con gli uomini non riesce ad andare oltre il sesso e si mette in testa che con Emanuele devono restare solo amici.<\/span><\/p><p class=\"p1\"><span style=\"background-color: transparent; color: var( --e-global-color-text ); letter-spacing: 0px;\">\u00a0I due si aiutano a vicenda nell\u2019attraversare un momento complicato con le rispettive madri, e Flaminia arriva a capire di provare effettivamente qualcosa per Emanuele. Il problema \u00e8 che nel frattempo lo ha praticamente spinto tra le braccia della sua amica Susanna.<\/span><\/p>\t\t\t\t\t\t\t\t<\/div>\n\t\t\t\t<\/div>\n\t\t\t\t\t<\/div>\n\t\t\t\t<\/div>\n\t\t\t\t<\/div>\n\t\t","protected":false},"excerpt":{"rendered":"<p>Le riprese della serie si sono concluse in Febbraio 2025. La messa in onda su Rai1 \u00e8 prevista in autunno. In foto: Veronica Pivetti e Carla Signoris con il regista Alessandro Casale Milla ed Evelina hanno sessant\u2019anni anni e non si frequentano pi\u00f9. Intorno ai venti erano migliori amiche, ma le scelte che hanno fatto&#8230;<\/p>\n","protected":false},"author":2,"featured_media":0,"parent":0,"menu_order":0,"comment_status":"closed","ping_status":"closed","template":"","meta":{"_tbt_post_transparent":"","_tbt_post_title":"hide","_tbt_post_layout":"fullwidth","_tbt_post_sidebar_id":"","_tbt_post_content_style":"unboxed","_tbt_post_vertical_padding":"hide","_tbt_post_feature":"hide","_tbt_post_feature_position":"","_tbt_post_header":false,"_tbt_post_footer":false},"class_list":["post-13540","page","type-page","status-publish","hentry"],"_links":{"self":[{"href":"https:\/\/www.fastfilmproduzioni.it\/app\/wp-json\/wp\/v2\/pages\/13540","targetHints":{"allow":["GET"]}}],"collection":[{"href":"https:\/\/www.fastfilmproduzioni.it\/app\/wp-json\/wp\/v2\/pages"}],"about":[{"href":"https:\/\/www.fastfilmproduzioni.it\/app\/wp-json\/wp\/v2\/types\/page"}],"author":[{"embeddable":true,"href":"https:\/\/www.fastfilmproduzioni.it\/app\/wp-json\/wp\/v2\/users\/2"}],"replies":[{"embeddable":true,"href":"https:\/\/www.fastfilmproduzioni.it\/app\/wp-json\/wp\/v2\/comments?post=13540"}],"version-history":[{"count":13,"href":"https:\/\/www.fastfilmproduzioni.it\/app\/wp-json\/wp\/v2\/pages\/13540\/revisions"}],"predecessor-version":[{"id":13570,"href":"https:\/\/www.fastfilmproduzioni.it\/app\/wp-json\/wp\/v2\/pages\/13540\/revisions\/13570"}],"wp:attachment":[{"href":"https:\/\/www.fastfilmproduzioni.it\/app\/wp-json\/wp\/v2\/media?parent=13540"}],"curies":[{"name":"wp","href":"https:\/\/api.w.org\/{rel}","templated":true}]}}

<div data-elementor-type="wp-page" data-elementor-id="13540" class="elementor elementor-13540" data-elementor-post-type="page">
				<div class="elementor-element elementor-element-9eb666f e-flex e-con-boxed e-con e-parent" data-id="9eb666f" data-element_type="container" data-e-type="container">
					<div class="e-con-inner">
				<div class="elementor-element elementor-element-b54646f elementor-widget elementor-widget-heading" data-id="b54646f" data-element_type="widget" data-e-type="widget" data-widget_type="heading.default">
				<div class="elementor-widget-container">
					<h2 class="elementor-heading-title elementor-size-default">Le riprese della serie si sono concluse in Febbraio 2025. <br>La messa in onda su Rai1 è prevista in autunno.</h2>				</div>
				</div>
					</div>
				</div>
		<div class="elementor-element elementor-element-2cf906b e-flex e-con-boxed e-con e-parent" data-id="2cf906b" data-element_type="container" data-e-type="container">
					<div class="e-con-inner">
				<div class="elementor-element elementor-element-7d70adc elementor-widget elementor-widget-image" data-id="7d70adc" data-element_type="widget" data-e-type="widget" data-widget_type="image.default">
				<div class="elementor-widget-container">
															<img fetchpriority="high" decoding="async" width="1024" height="683" src="https://www.fastfilmproduzioni.it/app/wp-content/uploads/2025/03/Pivetti-Signoris-Casale_LCS_6960-1024x683.jpg" class="attachment-large size-large wp-image-13534" alt="" srcset="https://www.fastfilmproduzioni.it/app/wp-content/uploads/2025/03/Pivetti-Signoris-Casale_LCS_6960-1024x683.jpg 1024w, https://www.fastfilmproduzioni.it/app/wp-content/uploads/2025/03/Pivetti-Signoris-Casale_LCS_6960-300x200.jpg 300w, https://www.fastfilmproduzioni.it/app/wp-content/uploads/2025/03/Pivetti-Signoris-Casale_LCS_6960-768x512.jpg 768w, https://www.fastfilmproduzioni.it/app/wp-content/uploads/2025/03/Pivetti-Signoris-Casale_LCS_6960-1536x1024.jpg 1536w, https://www.fastfilmproduzioni.it/app/wp-content/uploads/2025/03/Pivetti-Signoris-Casale_LCS_6960-2048x1365.jpg 2048w" sizes="(max-width: 1024px) 100vw, 1024px" />															</div>
				</div>
					</div>
				</div>
		<div class="elementor-element elementor-element-0602283 e-flex e-con-boxed e-con e-parent" data-id="0602283" data-element_type="container" data-e-type="container">
					<div class="e-con-inner">
				<div class="elementor-element elementor-element-45b9549 elementor-widget elementor-widget-text-editor" data-id="45b9549" data-element_type="widget" data-e-type="widget" data-widget_type="text-editor.default">
				<div class="elementor-widget-container">
									<p class="p1">In foto: Veronica Pivetti e Carla Signoris con il regista Alessandro Casale</p>								</div>
				</div>
					</div>
				</div>
		<div class="elementor-element elementor-element-9afbde0 e-flex e-con-boxed e-con e-parent" data-id="9afbde0" data-element_type="container" data-e-type="container">
					<div class="e-con-inner">
				<div class="elementor-element elementor-element-8ef1e14 elementor-widget elementor-widget-text-editor" data-id="8ef1e14" data-element_type="widget" data-e-type="widget" data-widget_type="text-editor.default">
				<div class="elementor-widget-container">
									<p class="p1">Milla ed Evelina hanno sessant’anni anni e non si frequentano più. Intorno ai venti erano migliori amiche, ma le scelte che hanno fatto le hanno allontanate e ora conducono vite antitetiche. Tanto è borghese, conformista e apparentemente perfetta quella di Milla quanto è fricchettona, creativa e scombinata quella di Evelina. La morte di Adriana, però, improvvisamente le riavvicina. </p><p class="p1">Terzo membro di un trio indissolubile ai tempi dell’università, Adriana ha dedicato la vita a salvare le balene e all’inizio della serie muore proprio in mare in un “banale” incidente. <span style="background-color: transparent; color: var( --e-global-color-text ); letter-spacing: 0px;">Aveva appena provato a chiamare sia Milla che Evelina, ma nessuna delle due le aveva risposto. Le due amiche sono turbate, si sentono in colpa. E quando leggono sui social commenti e ricostruzioni che avanzano dubbi sulla plausibilità dell’incidente, si convincono che forse, in effetti, un incidente non lo è stato. E se Adriana fosse stata uccisa? È una convinzione senza reali appigli, ma è sufficiente perchè Milla ed Evelina inizino ad indagare nella vita di Adriana, scoprendone segreti e verità nascoste. E mentre passano al setaccio la vita dell’amica, devono guardare con occhio critico le proprie e affrontarne i grandi sconvolgimenti che si prospettano all’orizzonte. </span></p><p class="p1"><span style="background-color: transparent; color: var( --e-global-color-text ); letter-spacing: 0px;">Milla scopre che suo marito Walter, al quale ha dedicato trent’anni di vita e per il quale ha sacrificato le sue ambizioni professionali, la tradisce. Così, prima lo lascia e lo caccia di casa e poi, appena si riprende dal lutto, si presenta nell’azienda di famiglia per reclamare il ruolo che fino a quel momento è stato suo solo sulla carta, quello di Presidente. Evelina invece incontra, o meglio si scontra, con Riccardo Villa, un economista scelto dal Ministero per risanare e modernizzare la gestione un po’ traballante dell’Accademia di Belle Arti nella quale Evelina insegna. Riccardo le pare uno che ignora cosa sia l’arte ma in compenso sa tutto di soldi, social e altre faccende delle quali a lei non interessa un fico secco. In altre parole, le sta subito antipatico. Ma, come si dice, chi disprezza compra ed inevitabilmente la loro relazione andrà oltre gli aspetti professionali.</span></p><p class="p1"><span style="background-color: transparent; color: var( --e-global-color-text ); letter-spacing: 0px;">Insomma, a sessant’anni le due amiche si ritrovano ad affrontare sfide ed emozioni inaspettate che le mettono dinanzi alla più sottovalutata delle verità: ci si può sorprendere ancora di se stessi, e conoscersi meglio, anche e soprattutto dopo una certa età. Grazie alla loro forza d’animo, e all’amicizia ritrovata, Evelina e Milla supereranno i momenti più difficili, troveranno un nuovo equilibrio per se stesse e le loro famiglie e arriveranno anche a scoprire la verità sulla morte di Adriana, ricavandone un grande insegnamento: che la vita è bella, sempre, a vent’anni, come a sessanta e… non bisogna sprecarla! </span></p><p class="p1"><span style="background-color: transparent; color: var( --e-global-color-text ); letter-spacing: 0px;">Mentre Milla ed Evelina si riavvicinano, la stessa cosa succede ai loro figli, Flaminia e Emanuele. Si erano frequentati da ragazzi e ora si rivedono al funerale di Adriana. Per Emanuele, che è separato, si occupa soprattutto di sua figlia Zina e ha messo in naftalina le esigenze sentimentali e sessuali, scatta di nuovo quell’attrazione che l’aveva portato a invaghirsi di lei tanti anni prima. Flaminia però, nel frattempo, è diventata una workaholic incapace di avere relazioni stabili, con gli uomini non riesce ad andare oltre il sesso e si mette in testa che con Emanuele devono restare solo amici.</span></p><p class="p1"><span style="background-color: transparent; color: var( --e-global-color-text ); letter-spacing: 0px;"> I due si aiutano a vicenda nell’attraversare un momento complicato con le rispettive madri, e Flaminia arriva a capire di provare effettivamente qualcosa per Emanuele. Il problema è che nel frattempo lo ha praticamente spinto tra le braccia della sua amica Susanna.</span></p>								</div>
				</div>
					</div>
				</div>
				</div>

<p>Le riprese della serie si sono concluse in Febbraio 2025. La messa in onda su Rai1 è prevista in autunno. In foto: Veronica Pivetti e Carla Signoris con il regista Alessandro Casale Milla ed Evelina hanno sessant’anni anni e non si frequentano più. Intorno ai venti erano migliori amiche, ma le scelte che hanno fatto&#8230;</p>
